*2 + 41*j - 75. What is g(2)?
19
Let o(s) = 3*s**2 - 417*s + 14352. Calculate o(76).
-12
Let w(r) = -r**3 - 66*r**2 - r - 73. Calculate w(-66).
-7
Let c(p) = p**3 + 38*p**2 - 29*p + 652. Give c(-39).
262
Let m(y) = -4*y**2 + 64*y - 71. Determine m(11).
149
Let m(a) = -a**3 + 18*a**2 - 57*a + 57. What is m(3)?
21
Let q(r) = -r**3 + 45*r**2 + 47*r + 457. Calculate q(46).
503
Let l(a) = 2*a**3 - 19*a**2 - 69. Give l(11).
294
Let x(c) = -c**3 + 31*c**2 + 14*c - 52. Give x(31).
382
Let l(f) = -f**2 - 7*f - 36. Determine l(-8).
-44
Let z(s) = 35*s - 269. Calculate z(-5).
-444
Let z(r) = r**3 + 13*r**2 - 6*r + 37. Calculate z(-15).
-323
Let n(v) = v**3 - 7*v**2 + 75*v - 184. What is n(3)?
5
Let z(v) = 2*v**3 - 11*v**2 - 11*v + 57. Determine z(10).
847
Let o(s) = -s**2 - 42*s - 236. Calculate o(-6).
-20
Let g(i) = 388*i + 1540. What is g(-4)?
-12
Let a(m) = 62*m - 805. Calculate a(14).
63
Let w(z) = 25*z**3 - 452*z**2 + 36*z - 36. Calculate w(18).
-36
Let r(u) = u**3 - 53*u**2 - 58*u + 188. Give r(54).
-28
Let o(l) = 151*l + 600. Calculate o(-4).
-4
Let d(p) = -p**2 + 44*p + 193. Determine d(-4).
1
Let y(g) = g**3 + 65*g**2 - 33*g - 2162. Determine y(-65).
-17
Let x(j) = j**3 + 65*j**2 + 220*j - 1472. What is x(-61)?
-8
Let h(n) = 209*n + 846. Calculate h(-4).
10
Let j(p) = -p**3 - 19*p**2 + 11*p + 10. What is j(-19)?
-199
Let y(r) = -r**3 - 5*r**2 + 41*r - 26. Give y(4).
-6
Let b(t) = 342*t + 1030. What is b(-3)?
4
Let m(u) = -78*u - 299. What is m(-4)?
13
Let d(n) = -90*n - 508. Give d(-5).
-58
Let q(u) = 13*u**2 + 31*u - 78. Give q(2).
36
Let x(r) = -r**2 - 31*r - 93. Give x(-21).
117
Let l(h) = 5*h + 22. What is l(3)?
37
Let u(x) = -2*x**2 + 129*x + 782. Give u(70).
12
Let n(d) = -1246*d - 41125. Determine n(-33).
-7
Let r(o) = o**2 - 2*o + 8. Give r(-12).
176
Let s(p) = p**2 - 15*p + 132. Determine s(13).
106
Let d(c) = -c**2 + 207*c - 10640. What is d(113)?
-18
Let o(f) = -f**3 + 34*f**2 + 5*f - 73. Determine o(35).
-1123
Let s(v) = -v**2 + 68*v + 2364. Determine s(-25).
39
Let a(k) = -79*k - 158. Calculate a(-7).
395
Let a(v) = -134*v - 399. What is a(-5)?
271
Let x(p) = -p**2 - 57*p - 657. Give x(-18).
45
Let t(h) = -h**3 - 5*h**2 + 158*h + 127. Calculate t(-15).
7
Let y(s) = -51*s + 7632. Calculate y(147).
135
Let a(d) = -12*d + 61. Determine a(22).
-203
Let p(h) = h**3 - 7*h**2 + 26*h - 130. What is p(6)?
-10
Let o(w) = 9*w**2 - 34*w + 23. What is o(0)?
23
Let q(f) = -53*f - 743. Give q(-14).
-1
Let t(l) = l**3 - 25*l**2 - 73*l + 585. What is t(27)?
72
Let c(y) = 455*y - 3211. Determine c(7).
-26
Let j(m) = -275*m - 831. Give j(-3).
-6
Let r(g) = -g**2 + 20*g - 49. Give r(7).
42
Let o(r) = 3549*r + 10652. Determine o(-3).
5
Let a(m) = 2*m**3 - 46*m**2 + 78*m + 153. Determine a(21).
27
Let q(z) = -824*z - 6476. Calculate q(-8).
116
Let q(f) = 18*f + 953. Determine q(-56).
-55
Let f(h) = -h**3 - 10*h**2 - 150*h - 1025. What is f(-8)?
47
Let u(c) = 17*c - 66. Determine u(6).
36
Let w(s) = -s**3 + 18*s**2 - 110*s + 221. Determine w(8).
-19
Let v(w) = -w**3 - 5*w**2 + 4*w + 3. Calculate v(-5).
-17
Let j(i) = -9*i**2 + 23*i + 187. Give j(6).
1
Let u(i) = -36*i + 2092. Calculate u(58).
4
Let r(q) = 36*q - 431. What is r(12)?
1
Let k(m) = m + 40. Calculate k(-33).
7
Let l(h) = -h**3 - 10*h**2 + 15*h - 95. Give l(-9).
-311
Let q(y) = 169*y + 1274. What is q(-7)?
91
Let o(q) = -813*q - 786. What is o(-1)?
27
Let r(d) = d**2 - 36*d + 20. What is r(25)?
-255
Let u(q) = 23*q + 679. What is u(-34)?
-103
Let o(z) = z**3 - 7*z**2 - 21*z + 31. Give o(9).
4
Let r(s) = 3*s**2 + 50*s + 156. Determine r(-3).
33
Let y(h) = -5*h**2 - 2873*h - 17055. Calculate y(-6).
3
Let m(j) = -j**2 - 15*j + 87. Give m(5).
-13
Let t(p) = -79*p - 541. Determine t(-6).
-67
Let f(k) = 57*k + 255. Calculate f(-5).
-30
Let g(k) = -k**3 - 7*k**2 + 31*k + 88. Calculate g(-9).
-29
Let i(j) = 9*j**2 + j + 15. What is i(-7)?
449
Let b(h) = -16*h - 16. Calculate b(-2).
16
Let s(d) = 25*d**2 + 655*d + 197. Calculate s(-26).
67
Let s(f) = 3678*f + 18395. Give s(-5).
5
Let j(u) = -50*u + 176. Calculate j(3).
26
Let b(l) = -178*l**2 - 202*l + 1. Calculate b(-1).
25
Let n(g) = -5*g - 71. Determine n(-14).
-1
Let w(i) = -2*i**3 + 81*i**2 - 646*i - 22. Give w(11).
11
Let w(z) = 11*z - 140. What is w(11)?
-19
Let a(l) = -l**3 + 8*l**2 + l - 18. What is a(8)?
-10
Let n(w) = -w**3 - 30*w**2 + 198*w - 645. Determine n(-36).
3
Let h(i) = 3*i + 250. What is h(7)?
271
Let a(h) = -15*h**2 - 231*h - 76. Calculate a(-14).
218
Let f(p) = -p**3 + p**2 + 47*p - 34. Give f(7).
1
Let o(f) = 23*f - 168. Give o(-10).
-398
Let n(f) = -f**3 + 13*f**2 - 66*f + 276. Determine n(9).
6
Let g(x) = -63*x + 676. Give g(15).
-269
Let t(z) = 3*z**2 - 84*z + 45. Calculate t(28).
45
Let s(r) = -r**3 + 10*r**2 - 19*r - 9. Give s(3).
-3
Let g(q) = -6*q**3 - 104*q**2 - 35*q - 45. Give g(-17).
-28
Let c(b) = -24*b - 1583. Determine c(-76).
241
Let i(r) = 570*r - 23364. What is i(41)?
6
Let o(z) = -z**2 + 312*z + 33739. Give o(-85).
-6
Let d(x) = 7*x - 368. Calculate d(40).
-88
Let g(m) = -111*m - 27. Give g(0).
-27
Let y(f) = 4*f + 128. Calculate y(-24).
32
Let v(q) = 113*q + 6. Give v(-1).
-107
Let n(i) = -i**2 + 41*i + 571. Determine n(-13).
-131
Let j(i) = 91*i - 880. Calculate j(10).
30
Let b(d) = -375*d + 12718. Determine b(34).
-32
Let p(o) = -2096*o + 4115. Calculate p(2).
-77
Let g(z) = -199*z - 7757. What is g(-39)?
4
Let c(r) = 2*r**2 + 92*r + 480. Determine c(-40).
0
Let a(k) = k**3 - 8*k**2 - 29*k + 119. What is a(4)?
-61
Let n(w) = -w**2 + 108*w - 2410. Give n(32).
22
Let g(f) = -9*f**2 + 3*f + 13. Determine g(-3).
-77
Let g(d) = -40*d + 1666. Calculate g(42).
-14
Let x(u) = 14*u**2 - 1371*u - 94. Give x(98).
4
Let f(z) = z**3 - 31*z**2 + z - 55. Calculate f(31).
-24
Let u(p) = -20*p + 88. What is u(14)?
-192
Let o(v) = -5*v**3 - 2*v**2 + 34*v + 80. Give o(-3).
95
Let g(o) = 120*o - 2749. Calculate g(23).
11
Let r(u) = -63*u**2 - 104*u + 22. Determine r(-2).
-22
Let k(t) = 2*t**3 - 116*t**2 + 112*t + 225. What is k(57)?
111
Let l(o) = -o**3 - 13*o**2 - 8*o + 49. Give l(-12).
1
Let z(i) = -21*i - 110. Give z(7).
-257
Let n(s) = -346*s - 2428. What is n(-7)?
-6
Let r(n) = 12*n + 223. Calculate r(-5).
163
Let n(m) = -269*m - 3201. What is n(-12)?
27
Let j(d) = -67*d - 589. What is j(-15)?
416
Let y(w) = 12*w + 928. Determine y(-78).
-8
Let v(g) = 14*g + 1169. Calculate v(-27).
791
Let k(g) = 7717*g - 15437. What is k(2)?
-3
Let m(i) = -50*i - 1590. What is m(-32)?
10
Let u(r) = 31*r - 33. Give u(5).
122
Let b(x) = 160*x - 1134. Determine b(7).
-14
Let o(i) = i**3 - 10*i**2 + 24*i - 9. Determine o(6).
-9
Let o(z) = -17*z + 62. Determine o(-12).
266
Let l(c) = -106*c - 960. What is l(-9)?
-6
Let z(l) = -2*l**3 - 5*l**2 + 21*l - 2. What is z(3)?
-38
Let m(x) = 2*x**3 + 23*x**2 - 18*x - 8. Calculate m(-12).
64
Let z(k) = 2*k**3 + 72*k**2 + 24*k + 662. What is z(-36)?
-202
Let a(l) = -23*l**2 + 288*l + 502. Determine a(14).
26
Let j(c) = 4*c**2 + 2*c - 236. Calculate j(7).
-26
Let r(t) = -t**3 + 61*t**2 - 873*t + 576. Determine r(39).
-9
Let c(z) = -z**3 + 10*z**2 + 123*z - 743. Calculate c(5).
-3
Let b(v) = 5*v**2 + 20*v + 13. Determine b(-8).
173
Let q(u) = u**3 + 10*u**2 - 113*u - 271. Determine q(-16).
1
Let x(s) = 332*s + 8946. Calculate x(-27).
-18
Let w(f) = f**2 - 57*f + 390. What is w(6)?
84
Let k(t) = -4*t**3 + 181*t**2 - 33*t - 30. What is k(45)?
510
Let a(q) = -5*q**3 + 49*q**2 + 5*q + 41. Give a(10).
-9
Let l(m) = -68*m - 5419. What is l(-79)?
-47
Let r(o) = 6*o**2 - 260*o - 7. Determine r(44).
169
Let u(l) = -2*l**2 + 33*l + 90. What is u(19)?
-5
Let c(u) = -9*u**2 + 101*u - 192. What is c(2)?
-26
Let g(o) = o**3 - 28*o**2 + 50*o - 22. Determine g(26).
-74
Let p(f) = f**3 + 36*f**2 - 40*f - 41. What is p(-37)?
70
Let o(p) = -p**3 - 39*p**2 - 168*p + 90. Calculate o(-34).
22
Let g(x) = -4*x**3 - 165*x + 166. What is g(1)?
-3
Let z(f) = -29*f + 1108. Calculate z(40).
-52
Let m(r) = 3*r + 57. Calculate m(-19).
0
Let m(s) = -2*s**2 + 121*s + 1184. Give m(70).
-146
Let m(o) = -62*o**2 - 7*o + 12. Give m(2).
-250
Let o(i) = 11*i**2 - 28*i + 17. Determine o(5).
152
Let w(d) = d**3 - 22*d**2 + 46*d - 91. Give w(20).
29
Let f(t) = -3*t**3 + 5*t**2 - 7*t + 22. What is f(5)?
-263
Let b(i) = -10*i - 174. Determine b(-